7 a prime number?
False
Is 29084827907 prime?
False
Is 11809661273 a composite number?
False
Is 69219922169 prime?
True
Is 5650581371 a composite number?
False
Is 16817380387 a prime number?
False
Is 3737117 a composite number?
False
Is 1044352345 composite?
True
Is 12181803587 composite?
True
Is 416018959 composite?
False
Is 63911680883 composite?
False
Is 54875707883 composite?
False
Is 6168807779 composite?
False
Is 164371724341 composite?
True
Is 73314211 a prime number?
False
Is 444754586 prime?
False
Is 297420217 a prime number?
False
Is 91979807 a prime number?
True
Is 563376433 prime?
False
Is 2544418853 a prime number?
False
Is 6620659 a prime number?
False
Is 6928283339 a composite number?
False
Is 1992032821 a prime number?
True
Is 879263107 a prime number?
True
Is 1853624851 composite?
True
Is 3004414397 prime?
True
Is 29722884311 prime?
True
Is 1318234601 composite?
True
Is 10158025589 a prime number?
False
Is 2860105811 a composite number?
True
Is 210001949 a composite number?
True
Is 6556052263 a composite number?
False
Is 3149188403 composite?
False
Is 1464424529 prime?
True
Is 28192937 a composite number?
True
Is 8080007477 composite?
True
Is 16062345047 prime?
False
Is 104062578593 prime?
False
Is 544733582 prime?
False
Is 96732991 a prime number?
True
Is 15547462621 a prime number?
False
Is 24161344787 a prime number?
True
Is 1404854641 composite?
True
Is 339263761 prime?
False
Is 13510699067 prime?
False
Is 386028509 a composite number?
True
Is 384377569 composite?
False
Is 36532953781 prime?
True
Is 364626007 a prime number?
False
Is 137789568611 composite?
False
Is 7306289821 prime?
True
Is 638798731 a prime number?
True
Is 41066012147 prime?
False
Is 4690982882 prime?
False
Is 3915978769 composite?
True
Is 167012883829 a composite number?
True
Is 4273538111 a prime number?
True
Is 1019423351 a prime number?
True
Is 66412256699 composite?
True
Is 4361123263 prime?
False
Is 87307283 prime?
False
Is 9993122531 a composite number?
True
Is 895417426 composite?
True
Is 363990343 composite?
False
Is 15839357423 prime?
True
Is 18120887797 composite?
False
Is 3528546721 a prime number?
False
Is 6683433401 a prime number?
False
Is 188277983 a composite number?
False
Is 2454844033 a composite number?
True
Is 958968577 a prime number?
False
Is 26360084183 composite?
False
Is 11058709 composite?
True
Is 35105755999 composite?
False
Is 42113806323 prime?
False
Is 441720541 a composite number?
True
Is 1208893141 a composite number?
True
Is 45242893601 prime?
False
Is 769519409 prime?
True
Is 1583135377 composite?
True
Is 234059701 a composite number?
False
Is 20996748413 a prime number?
False
Is 467930663 a prime number?
False
Is 340079227 a prime number?
False
Is 338231197 composite?
False
Is 237582461 composite?
False
Is 349385555 composite?
True
Is 326966791 a composite number?
True
Is 3343217027 a prime number?
True
Is 186835841267 a prime number?
True
Is 1429901171 prime?
True
Is 10736403731 a prime number?
True
Is 5244036703 a composite number?
True
Is 27467496431 composite?
True
Is 745633249 a composite number?
True
Is 204401303 prime?
True
Is 10471091317 a composite number?
True
Is 7627558469 composite?
True
Is 4986494099 composite?
False
Is 956500829 a composite number?
False
Is 198733969501 a prime number?
True
Is 3467914349 composite?
False
Is 2756293213 a composite number?
False
Is 11460168773 a composite number?
False
Is 117009757 a composite number?
False
Is 13777801243 composite?
True
Is 6613423799 prime?
True
Is 382780997 a prime number?
True
Is 247156549 prime?
False
Is 186663563 a prime number?
True
Is 494508941 a composite number?
False
Is 2206382957 composite?
False
Is 244847446819 prime?
False
Is 2078706733 a prime number?
False
Is 83695993 composite?
True
Is 6398083379 composite?
False
Is 4894245721 a composite number?
False
Is 5047717687 a composite number?
True
Is 10744358579 composite?
True
Is 1909000519 composite?
True
Is 64299348097 a composite number?
False
Is 179647627493 prime?
True
Is 1978831003 a prime number?
False
Is 7392101953 composite?
True
Is 2092723691 a prime number?
True
Is 8658823313 a composite number?
True
Is 49383279739 a composite number?
True
Is 564514787 a composite number?
False
Is 159635897 a composite number?
True
Is 71152226243 a prime number?
False
Is 625220381 prime?
True
Is 1783186199 composite?
True
Is 856938441 composite?
True
Is 6557686031 prime?
False
Is 4308913795 a composite number?
True
Is 304115041 a composite number?
False
Is 680761763 composite?
True
Is 293574661 a prime number?
False
Is 327430739 composite?
True
Is 1289855474 a prime number?
False
Is 174863627 prime?
True
Is 3067683511 prime?
False
Is 11727116971 a prime number?
True
Is 474770183 a prime number?
True
Is 3808307 a prime number?
True
Is 810114301 a composite number?
True
Is 524209267 composite?
True
Is 8282899643 a composite number?
False
Is 447817082 prime?
False
Is 68767678957 prime?
False
Is 4840809901 prime?
False
Is 1712221897 composite?
False
Is 5690349671 prime?
True
Is 161709645553 composite?
False
Is 1475135495 a composite number?
True
Is 2089078855 a prime number?
False
Is 69650638373 composite?
True
Is 230161273 composite?
False
Is 7998496057 composite?
False
Is 395826733 composite?
False
Is 49066190669 a composite number?
False
Is 230663893871 prime?
False
Is 13430466367 a prime number?
True
Is 4332523927 a composite number?
False
Is 48427081531 a prime number?
False
Is 13750975571 a prime number?
False
Is 1199953523 composite?
False
Is 1749835159 a prime number?
True
Is 168341926523 a composite number?
True
Is 9205228063 prime?
True
Is 6931778023 prime?
True
Is 80394814099 a composite number?
False
Is 25998354937 prime?
True
Is 2579704342 prime?
False
Is 534976751 a composite number?
False
Is 22646352343 composite?
False
Is 218871099823 a composite number?
False
Is 771019681 a prime number?
True
Is 34856383403 a prime number?
False
Is 47149708426 prime?
False
Is 23866913711 a composite number?
True
Is 650906323 prime?
False
Is 427548349 composite?
False
Is 1104351709 prime?
True
Is 759387323 prime?
True
Is 592514653 composite?
False
Is 2907334319 prime?
False
Is 99587533 composite?
False
Is 8279741579 a composite number?
True
Is 256725377 composite?
False
Is 44586867398 a prime number?
False
Is 146576891 prime?
True
Is 191382227 a prime number?
True
Is 2229500179 prime?
False
Is 273653774903 a prime number?
True
Is 1883616641 composite?
True
Is 4281146609 composite?
True
Is 60035377 a prime number?
True
Is 4650343001 composite?
False
Is 177252113 a composite number?
True
Is 14866028767 a prime number?
True
Is 7075534537 a composite number?
True
Is 3382381481 prime?
False
Is 1206550727 a composite number?
True
Is 19180982851 a composite number?
False
Is 194845021423 a composite number?
True
Is 4073336555 a composite number?
True
Is 59175989 prime?
True
Is 17335503057 composite?
True
Is 1041095669 a composite number?
False
Is 543437639 a prime number?
False
Is 232408157 a composite number?
False
Is 3831204341 a composite number?
False
Is 113178764645 composite?
True
Is 1303240921 prime?
False
Is 472349659 a prime number?
False
Is 4928976341 a composite number?
False
Is 126123643 a composite number?
True
Is 16767974669 a composite number?
True
Is 28465929493 prime?
True
Is 216121177 prime?
False
Is 187525319 prime?
False
Is 19632168499 prime?
False
Is 5761905227 prime?
False
Is 16402109029 prime?
False
Is 162719419 composite?
False
Is 1787834947 a prime number?
True
Is 746802257 composite?
True
Is 721681187 prime?
False
Is 5050963801 a composite number?
True
Is 20742046481 a prime number?
False
Is 6265528431 a prime number?
False
Is 1072440821 composite?
True
Is 58835801 prime?
False
Is 4037473243 a composite number?
False
Is 1143227783 prime?
False
Is 1117499959 a composite number?
False
Is 4435521407 prime?
True
Is 15713864393 prime?
True
Is 14882844521 composite?
False
Is 367233239 prime?
True
Is 1788773879 composite?
False
Is 3353872459 a prime number?
False
Is 6312030511 a composite number?
False
Is 21336567737 composite?
False
Is 11848349949 a prime number?
False
Is 1283903407 composite?
False
Is 2423536919 prime?
False
Is 409655291 a composite number?
False
Is 394559657 a prime number